is the tens digit of k?
5
Let b(a) = 7*a**3 - 121*a**2 - 2*a + 45. What is the hundreds digit of b(19)?
3
Let b = 11 + -11. Suppose -3*f - 3*l + 60 = b, 5*f = -3*l + 5 + 87. Suppose f = -4*m, -m + 2*m = -u + 2. What is the units digit of u?
6
Let b = 1101 + -513. What is the units digit of b?
8
What is the units digit of (-8)/10 - (-149240)/175?
2
Let c = 17 + -29. Let y(z) = z - 5. Let k be y(c). Let m(t) = -t**3 - 18*t**2 - 18*t + 20. What is the tens digit of m(k)?
3
Let v be 10/7 + 44/77. Suppose -v*y + 3*y = 3, -4*t + 244 = 4*y. What is the units digit of t?
8
Suppose -4*p = -371 - 93. Suppose 2*i + 2*r = p, -7*i + r = -2*i - 290. Let n = i + -23. What is the units digit of n?
5
Suppose 52*q - 83631 = 22865. What is the units digit of q?
8
Let t(d) = 61*d**3 - d**2 + 1. Let z be t(1). Let k(c) = -c**2 - 15*c + 35. Let j be k(-8). Let g = j - z. What is the tens digit of g?
3
Suppose 0 = -4*d + 11 - 3. Suppose 0*o = d*o - 58. What is the tens digit of o?
2
Let d be (-3 - (-789)/(-21))/(6/(-21)). Suppose 3*k = 2*k + d. What is the tens digit of k?
4
Suppose 3*l + 3*m - 31 = 32, 0 = 3*l - m - 51. What is the units digit of 513/l - (-1)/2?
9
Let d(o) be the second derivative of -o**5/20 - o**4/6 + 7*o**3/6 + o**2/2 + 2*o. Let g be d(-5). Let p = -26 + g. What is the tens digit of p?
1
Let q = -4 + 7. Suppose -5*i + 6 = f + 29, q*i = -5*f - 5. What is the units digit of ((-2)/i)/(4/120)?
2
Let k(f) = 3*f**2 + 25*f + 4. What is the units digit of k(6)?
2
Let s(x) = -x + 7. Let j be s(5). Let b(y) = -1 - 1 + 4*y**j + 7 - 2*y - 3*y**2. What is the units digit of b(5)?
0
Suppose -4*g - 144 = -4*a, 4*a - 3*g - 134 = -4*g. Let v = -32 + a. Suppose v*t - 2*l = 86, -5*t - 2*l + 177 = -38. What is the units digit of t?
3
Let w be (0 - (-16)/6)*-3. Let p be w/10*5/1. What is the tens digit of 60/(-1 - p) - -1?
2
What is the thousands digit of (13 + (-147)/14)/(2/952)?
1
What is the units digit of 3 - (-3 + 1 + -88)?
3
Suppose 0 = -0*t - 13*t + 21619. What is the hundreds digit of t?
6
Let j(r) = -2*r. Let p be j(-1). Suppose 4 = -p*y, 5*z - 2*y = -40 + 174. Suppose -z = 5*u - 156. What is the tens digit of u?
2
Let t(i) = 39*i**2 + 8*i - 2. What is the units digit of t(-3)?
5
Suppose 2*z + 4*y + 6 = 2, 3*z = 2*y + 10. What is the hundreds digit of 6 + -8 - (2/z - 137)?
1
Let f(n) = n**3 + 9*n**2 - n - 17. Let m be f(-6). Suppose -c = -0*c - t - m, 482 = 5*c - 2*t. What is the tens digit of c?
9
Suppose 0 = 4*i - 0*i - 28. Suppose -3*n - 132 = -i*n. Suppose 4*k - 39 = n. What is the units digit of k?
8
Let f be (-18)/(-12) + -2 - 5/2. What is the units digit of 3/(f/107*-1)?
7
Let x = 26 - 24. What is the units digit of 13/(-2)*-3*x?
9
Let r(d) be the third derivative of d**6/120 + d**5/20 - d**4/24 + d**3/2 + 13*d**2. What is the tens digit of r(3)?
5
Let m = 215 - 80. Let o = m - 75. What is the units digit of o?
0
Suppose 4*h - 124 = 4*p, -2*p - p + h - 95 = 0. Let f be (-175)/50*40/(-14). What is the units digit of (f - p) + 2/2?
3
Let i(s) = 38*s + 1425. What is the thousands digit of i(0)?
1
Let z(x) = -3*x**2 + 15*x - 7. Let y be z(3). Let l(p) = 15*p + 1. What is the hundreds digit of l(y)?
1
Let y = -1 - -4. Let b = 2 - y. Let g(c) = 44*c**2 - 2*c - 1. What is the tens digit of g(b)?
4
Let s(a) = 2*a + 47. Let d be (-3)/6 + (-1)/(-2). What is the tens digit of s(d)?
4
Let h = -57 + 30. Let q = 42 + h. What is the tens digit of q?
1
Let z(v) = -102*v**3 - v**2 - 12*v - 16. What is the units digit of z(-2)?
0
Let q be (1 - -1) + 13 + -7. Let i(k) = -15*k - q + k**3 - 2*k**2 + 23*k - 5*k**2. What is the units digit of i(6)?
4
Let q = 101 + -161. What is the units digit of q/(-75) + (-682)/(-10)?
9
Let h = -16 - -2. Suppose 10*r = 14*r - 108. Let t = r + h. What is the units digit of t?
3
Suppose u = 10 + 8. Let d = u - -14. What is the tens digit of d?
3
Let v be (-5)/3 - 1/3. Let c be 60/v*(-26)/65. Suppose j + 2*j = c. What is the units digit of j?
4
Let j = -15 + 36. Suppose -r + n = -36, r = -n + j + 15. What is the units digit of r?
6
Let i be (-3)/2*(-11 + -3). Suppose 5*g + 15 = 3*q, 5*g - 2*q + 0*q + 20 = 0. Let y = i + g. What is the units digit of y?
5
Let g be (-36)/15*-2*(-10)/(-6). Suppose -520 = -g*d + 960. What is the hundreds digit of d?
1
Let i = 476 - 312. What is the tens digit of (15/10)/(6/i)?
4
Let u(z) = 13*z**2 - z + 1. Let g be u(2). Suppose -q + d - g = 6*d, 0 = -4*d - 20. Let p = -11 - q. What is the tens digit of p?
1
Let f be ((-10)/(-4)*2)/1. Suppose 3*p - 15 = 25*x - 21*x, 0 = -2*x + 2*p - 10. Suppose x = -2*m + 57 - f. What is the tens digit of m?
2
Let p = 22 + -19. Suppose -5*b + v + 452 = 0, -b + 2*v + 76 = -p*v. Suppose -b = -3*a - 25. What is the tens digit of a?
2
Suppose -1050 = -3*l - 3*v, l + 3*v - 344 = -0*v. Let b = -157 + l. What is the units digit of b?
6
What is the tens digit of (-10570)/(-6) - (-4)/60*-25?
6
Suppose -5*c + 604 = -2686. What is the hundreds digit of c?
6
Let w be (-38)/(-5) - (1 - (-10)/(-25)). Let v(h) = -4*h + 10. Let j(f) = -8*f + 19. Let r(p) = -3*j(p) + 5*v(p). What is the units digit of r(w)?
1
Let i(k) be the first derivative of 25*k**2/2 + 3*k + 18. What is the tens digit of i(3)?
7
Let g(b) be the third derivative of -b**7/420 - b**3/6 + 2*b**2. Let s(j) be the first derivative of g(j). What is the units digit of s(-2)?
6
Suppose 66*k = 63*k - 2*w + 1211, -5*k + 2021 = 4*w. What is the units digit of k?
1
Let o(t) = t - 1. Let i be o(5). Let s be (-6)/(-4) - i/(-8). Suppose 5*r - 45 = s*r. What is the units digit of r?
5
Suppose 0 = -2*a - 8, 2*w + 5*a + 0*a + 964 = 0. Let s = w - -799. What is the hundreds digit of s?
3
Let l(q) = q**3 + 12*q**2 + 11*q + 8. Let b be l(-9). Let t = b + 20. What is the hundreds digit of t?
1
What is the units digit of (44/(-6))/((-14)/(-6) - 3)?
1
Let n = -608 - -939. What is the tens digit of n?
3
What is the tens digit of ((-48)/(-10) - 4)*2315?
5
Let g(j) be the third derivative of -j**4/6 + 40*j**3/3 - 18*j**2. What is the tens digit of g(0)?
8
Suppose -5*p + 6090 = 5*w, -p = 5*w - 4692 - 1406. What is the units digit of w?
0
Let b(y) = 4*y**3 - 14*y**2 + 10*y - 12. Let i be b(6). Suppose 0 = -9*s + 7*s + i. What is the units digit of s?
4
Suppose -5*g + 185 = 7*d - 2*d, g + 2*d - 32 = 0. Let u be (-2)/7 + (-156)/g. Let n(v) = v**2 - v + 1. What is the tens digit of n(u)?
2
Let s be ((-12)/(-16))/(1/4). Let a = -45 - -15. What is the tens digit of a/3*s/(-2)?
1
Suppose -3*i = -5 - 7. Let c(j) = 4*j - 2. Let v be c(i). Suppose -2*m + 103 = 3*d, -2*d + 2*m = v - 86. What is the tens digit of d?
3
Suppose -4*v - v + 1335 = 0. What is the hundreds digit of v?
2
Let q = 17 + -17. Let k(u) = -u**2 - u. Let o be k(q). Suppose 3*s - 22 - 83 = o. What is the units digit of s?
5
Let c(o) be the third derivative of -o**5/60 + o**4/12 + 10*o**3 + 17*o**2. What is the tens digit of c(0)?
6
What is the hundreds digit of ((-4488)/(-16))/(6/8)?
3
Let x be (-6)/(-2) + -5 - -11. Suppose 5*i = 2*i + x. Suppose i = d - 0*d. What is the units digit of d?
3
Suppose -4*s = -2*z - 3720, -11*s = -12*s - 3*z + 937. What is the tens digit of s?
3
Suppose 13*n - 9*n = 36. What is the units digit of (57/9 - 1)*n?
8
Let a(p) = 2*p**3 - 15*p**2 + 6*p - 29. What is the hundreds digit of a(10)?
5
Suppose 2*h = 17 + 3. Suppose -5*y = -0*y - h. What is the units digit of (y/(-3))/((-5)/30)?
4
Let h(b) = -b**2 - 4*b + 965. Let p be h(0). Suppose 353 - p = -4*w. What is the units digit of w?
3
What is the hundreds digit of -1 + (6 - 132)*-1?
1
Let i be 4 + 7/(28/304). Let p = i - 30. What is the tens digit of p?
5
Let s(x) = 30*x + 6. Let v(h) = -31*h - 5. Let n(l) = -3*s(l) - 2*v(l). What is the hundreds digit of n(-5)?
1
Let g be (-3)/(13/(-5) + 2). Suppose 512 - 22 = g*d. What is the units digit of d?
8
Let k = -8 - -11. Suppose -k*x = -6, -2*x + 22 = 5*c - x. What is the units digit of c?
4
Let k(v) = -v**2 + v - 2. Let q(d) = -d**2 + d - 1. Let u(i) = 2*k(i) - 6*q(i). Let p be u(2). What is the units digit of (-1)/(1 - p/8)?
4
Let g = 2099 + -436. What is the hundreds digit of g?
6
Suppose 0 = 3*o + 5*w - 3506, w - 4414 - 255 = -4*o. What is the units digit of o?
7
Suppose 3*g + 3*f - 153 = 0, 0*g + 4*g = 5*f + 240. Suppose -g - 233 = -3*s. What is the tens digit of 